007*o**2 + 975404*o - 981. What is c(486)?
-9
Let w(g) = -g**3 + 26*g**2 + 143*g + 233. Determine w(32).
-1335
Let n(j) = 2*j**3 - 15*j**2 - 366*j + 1195. Calculate n(3).
16
Let j(x) = x**3 - 2*x**2 - 28*x - 28. What is j(-8)?
-444
Let r(h) = -4*h**2 + 3037*h - 495105. Calculate r(237).
-12
Let o(n) = 76*n + 4526. Determine o(-73).
-1022
Let x(r) = -r**2 - 31*r - 116. Calculate x(-34).
-218
Let t(w) = 2*w**3 - 104*w**2 - 116*w + 68. What is t(53)?
-462
Let z(r) = -1739*r + 203482. What is z(117)?
19
Let s(x) = x**3 - 105*x**2 + 2357*x - 653. Give s(32).
19
Let z(f) = -390*f**2 - 5849*f + 24. Give z(-15).
9
Let j(y) = -y**3 - 11*y**2 + 116*y - 188. Determine j(-18).
-8
Let z(m) = -m**3 - 290*m**2 - 2578*m + 210736. Give z(-278).
12
Let k(m) = -m**3 - 203*m**2 + 197*m - 1264. What is k(-204)?
164
Let x(i) = i**3 + 277*i**2 + 6622*i - 39. What is x(-26)?
-2535
Let w(h) = -43069*h - 2842538. Give w(-66).
16
Let k(v) = v**2 + 58*v - 5765. Determine k(54).
283
Let d(y) = 3*y**2 + 178*y - 1993302. What is d(786)?
-6
Let d(o) = -2*o**3 + 11295*o**2 - 33869*o + 5. Give d(3).
-1
Let b(n) = 7*n**3 - 284*n**2 + 188*n - 1097. Calculate b(40).
23
Let d(p) = -p**3 - 67*p**2 - 330*p - 1262. Determine d(-62).
-22
Let f(x) = -746*x + 163366. What is f(219)?
-8
Let z(k) = -22200*k + 110987. What is z(5)?
-13
Let t(n) = n**2 + 1443*n - 68497. Determine t(46).
-3
Let b(y) = -13*y**2 - 242*y + 3182. Determine b(9).
-49
Let f(d) = -d**2 + 150524*d - 5116683. Calculate f(34).
-23
Let g(x) = -x**3 + 20*x**2 + 141*x - 1885. Calculate g(10).
525
Let o(l) = -7971*l + 430393. Give o(54).
-41
Let s(r) = -2*r**3 + 346*r**2 - 45*r + 7431. Determine s(173).
-354
Let u(i) = -55*i**2 + 7815*i - 45544. Calculate u(136).
16
Let l(a) = a**2 + 12*a - 3749. Calculate l(35).
-2104
Let c(o) = 4*o**2 + 1125*o + 9320. Determine c(-273).
311
Let t(a) = 12*a**2 - 2541*a + 63139. Give t(183).
4
Let a(h) = h**3 + 935*h**2 - 6645*h - 48044. Determine a(-942).
-2
Let g(q) = -58*q**2 - 1945*q - 8986. Determine g(-28).
2
Let w(v) = -2*v**3 - 67*v**2 + 16*v - 2021. Give w(-36).
3883
Let g(x) = -45*x**2 + 492*x - 929. What is g(9)?
-146
Let s(q) = -22*q**3 - 925*q**2 - 38*q + 175. What is s(-42)?
7
Let m(i) = -2*i**3 - 2*i**2 + 259*i + 2195. Determine m(-9).
1160
Let g(z) = -11027*z + 11125. Calculate g(1).
98
Let m(n) = -474*n**2 - 25*n - 113. Determine m(-2).
-1959
Let a(c) = -4*c**3 - 141*c**2 + 258*c - 52. Give a(-37).
-15
Let x(z) = 1435*z**2 - 1636*z. Calculate x(1).
-201
Let p(b) = b**3 - 109*b**2 + 1703*b - 11. Calculate p(19).
-144
Let c(g) = 1187*g - 28643. Give c(25).
1032
Let t(d) = 1537*d + 550221. Determine t(-358).
-25
Let h(r) = r**2 - 2045*r - 79203. Calculate h(-38).
-49
Let g(u) = 5060*u - 45379. Determine g(9).
161
Let g(s) = 9*s**3 + 405*s**2 - 3749*s + 3541. Calculate g(-53).
-10
Let k(x) = 29426*x - 264998. Calculate k(9).
-164
Let y(d) = 4436*d + 377092. Calculate y(-85).
32
Let h(b) = -9*b**2 - 1116*b - 26624. Determine h(-32).
-128
Let c(h) = 6*h**3 + 22*h**2 - 57*h + 16. What is c(-6)?
-146
Let m(a) = a**3 + 72*a**2 + 11089*a + 814830. Calculate m(-73).
4
Let i(t) = 2*t**3 - 43*t**2 + 166*t + 21. Give i(4).
125
Let o(u) = u**3 + 83*u**2 - 624*u - 38621. What is o(-85)?
-31
Let j(b) = -22*b**2 + 795*b + 630. Determine j(37).
-73
Let n(q) = -78*q**3 + 1017*q**2 - 42*q + 61. Calculate n(13).
22
Let i(x) = 110*x + 2805. Determine i(-11).
1595
Let i(u) = -38*u**2 + 359*u + 3061. What is i(15)?
-104
Let y(r) = -8098*r - 315839. Calculate y(-39).
-17
Let z(t) = -t**2 + 105*t + 726. Give z(111).
60
Let t(u) = 100*u + 2958. Calculate t(-34).
-442
Let c(n) = -48*n**2 + 4459*n + 434. Calculate c(93).
-31
Let q(b) = -11*b**2 + 84*b + 502. Determine q(-6).
-398
Let z(o) = -o**3 + 155*o**2 - 2050*o + 41. Calculate z(14).
-1023
Let q(u) = 179845*u - 359690. Give q(2).
0
Let o(w) = 58943*w - 294705. Determine o(5).
10
Let s(k) = -46243*k - 508682. Give s(-11).
-9
Let x(v) = 3*v**3 + 90*v**2 + 503*v + 12075. What is x(-29)?
11
Let l(v) = -20*v**2 + 1417*v + 9467. Give l(77).
-4
Let h(r) = r**3 - 14*r**2 + 145*r - 744. What is h(8)?
32
Let w(y) = 2*y**2 + 2595*y + 48945. Determine w(-19).
362
Let z(w) = -2*w**3 + 11*w**2 + 15230*w - 91402. Determine z(6).
-58
Let s(n) = 44586*n - 222474. Give s(5).
456
Let c(u) = -5296*u - 4115001. What is c(-777)?
-9
Let a(s) = 1238*s + 5737. What is a(-7)?
-2929
Let v(y) = -7*y**3 - 85*y**2 - 182*y + 146. Give v(-9).
2
Let x(o) = -38*o**2 - 2537*o + 3174. Give x(-68).
-22
Let c(t) = -699*t + 192932. Give c(276).
8
Let u(w) = 607*w - 157144. What is u(259)?
69
Let i(n) = 364*n - 14388. Determine i(37).
-920
Let b(g) = g**2 + 300*g + 21974. Calculate b(-164).
-330
Let x(q) = 946426*q - 39749888. Calculate x(42).
4
Let d(u) = -80491*u + 482951. Calculate d(6).
5
Let k(x) = 694*x - 159750. Calculate k(230).
-130
Let s(w) = -27*w**2 - 540*w + 190. Determine s(-22).
-998
Let s(n) = 15*n**2 + 285*n + 768. What is s(-14)?
-282
Let w(b) = 256*b**2 + 1290*b + 48. What is w(-5)?
-2
Let l(c) = c**3 + 13*c**2 - 73*c + 83. Give l(5).
168
Let p(s) = -80122*s + 560501. Calculate p(7).
-353
Let g(y) = -1765*y - 10282. What is g(-6)?
308
Let z(n) = -570*n**2 + 35305*n + 2182. Determine z(62).
12
Let b(v) = v**3 + 119*v**2 - 131*v - 1447. Calculate b(-120).
-127
Let o(h) = -h**2 + 9517*h + 613137. Determine o(-64).
-47
Let r(j) = j**2 + 1098*j - 31272. Give r(28).
256
Let z(g) = 13*g**2 - 64*g - 4024. Calculate z(20).
-104
Let c(l) = -623*l + 29142. Determine c(47).
-139
Let f(u) = 30*u**2 - 9744*u - 1883. Calculate f(325).
67
Let c(t) = t**2 - 1518*t + 10590. Determine c(7).
13
Let m(j) = 50624*j - 102016. Calculate m(2).
-768
Let g(j) = 5*j**3 - 44*j**2 + 5*j - 121. Give g(9).
5
Let q(z) = 2*z**3 - 1980*z**2 + 88641*z + 943. What is q(943)?
0
Let r(v) = 4*v**3 - 379*v**2 + 3077*v - 225622. What is r(93)?
-4
Let u(w) = -w**3 + 19*w**2 + 6405*w - 71413. Determine u(11).
10
Let n(c) = -c**3 - 4*c**2 + 321*c + 944. Calculate n(-3).
-28
Let f(s) = -19*s**3 + 10050*s**2 + 543*s - 7408. Give f(529).
-2
Let q(z) = 207*z - 3585. Give q(18).
141
Let u(s) = -s**3 + 42*s**2 + 562*s - 49. Give u(-10).
-469
Let w(j) = -633*j + 5949. Give w(10).
-381
Let i(c) = 7*c**2 + 336*c - 1116. What is i(-52)?
340
Let l(g) = 3*g**3 - 362*g**2 + 598*g - 333. What is l(119)?
24
Let d(f) = 1846*f - 490889. What is d(266)?
147
Let c(y) = -711*y - 585. Determine c(2).
-2007
Let j(h) = 45*h**2 + 438*h + 318. Determine j(-9).
21
Let w(c) = -3*c**3 - 392*c**2 - 12793*c - 254. Calculate w(-63).
-2
Let q(n) = 2*n**2 + 2445*n + 616956. Calculate q(-356).
8
Let l(j) = -3023*j - 27696. Give l(-9).
-489
Let z(u) = 387*u**2 + 8873*u - 22. Determine z(-23).
622
Let h(u) = -u**3 - 12*u**2 - 32*u - 1125. What is h(-11)?
-894
Let j(k) = 196316*k + 785957. Calculate j(-4).
693
Let u(b) = -410*b**2 + 1188*b + 135. Calculate u(3).
9
Let k(q) = 222490*q + 667482. Give k(-3).
12
Let k(f) = -38*f**2 + 492*f + 18. Determine k(13).
-8
Let n(g) = -5985*g - 6265. Determine n(-1).
-280
Let f(s) = 8*s**3 - 417*s**2 + 76*s - 101. Give f(52).
1147
Let l(c) = 3*c**2 - 154*c + 1042. Give l(8).
2
Let p(k) = -k**3 + 10*k**2 - 17*k + 250. Calculate p(12).
-242
Let a(w) = w**3 - 39*w**2 + 29*w - 345. Determine a(38).
-687
Let w(s) = -2*s**2 + 43*s + 1073. What is w(-27)?
-1546
Let l(s) = -376*s**2 - 363*s + 1. Determine l(-1).
-12
Let l(o) = -48497*o - 484919. What is l(-10)?
51
Let d(o) = -o**3 - 52*o**2 - 284*o - 2302. What is d(-47)?
1
Let n(d) = -397843*d - 50923903. Determine n(-128).
1
Let w(x) = -2*x**3 - 105*x**2 - 54*x - 978. Give w(-52).
-874
Let l(s) = 8*s**2 + 235*s + 6. What is l(9)?
2769
Let n(z) = 7*z**2 - 3418*z + 36733. Calculate n(11).
-18
Let m(d) = 151189*d - 302373. Determine m(2).
5
Let w(i) = -11182*i - 95670. What is w(-9)?
4968
Let v(a) = 86446*a - 259008. Calculate v(3).
330
Let r(v) = -v**3 + 218*v**2 - 827*v - 6077. Calculate r(214).
129
Let k(g) = -15888*g - 158882. Give k(-10).
-2
Let r(a) = -12966*a - 272366. Give r(-21).
-80
Let g(k) = 4*k**3 - 97*k**2 + 9*k + 347. What is g(24)?
-13
Let d(q) = -17*q**3 - 2*q**2 - 4*q + 40. Calculate d(-4).
1112
Let g(q) = -49*q - 8221. Give g(-167).
-38
Let v(t) = 4496*t**2 + 4491*t - 3. Determine v(-1).
2
Let s(d) = 110*d**3 + 3*d**2 + 20*d + 35. What is s(-2)?